{"id":35,"date":"2022-03-31T11:25:34","date_gmt":"2022-03-31T14:25:34","guid":{"rendered":"https:\/\/eventos.ifrn.edu.br\/festivalconexoes2022\/?page_id=35"},"modified":"2022-04-01T15:43:22","modified_gmt":"2022-04-01T18:43:22","slug":"homenageada","status":"publish","type":"page","link":"https:\/\/eventos.ifrn.edu.br\/festivalconexoes2022\/index.php\/homenageada\/","title":{"rendered":"Homenageada"},"content":{"rendered":"<h4 style=\"text-align: center;\"><img loading=\"lazy\" class=\"alignnone size-medium wp-image-204\" src=\"http:\/\/eventos.ifrn.edu.br\/festivalconexoes2022\/wp-content\/uploads\/2022\/04\/Glorinha-Oliveira-300x300.jpg\" alt=\"\" width=\"300\" height=\"300\" srcset=\"https:\/\/eventos.ifrn.edu.br\/festivalconexoes2022\/wp-content\/uploads\/2022\/04\/Glorinha-Oliveira-300x300.jpg 300w, https:\/\/eventos.ifrn.edu.br\/festivalconexoes2022\/wp-content\/uploads\/2022\/04\/Glorinha-Oliveira-1024x1024.jpg 1024w, https:\/\/eventos.ifrn.edu.br\/festivalconexoes2022\/wp-content\/uploads\/2022\/04\/Glorinha-Oliveira-150x150.jpg 150w, https:\/\/eventos.ifrn.edu.br\/festivalconexoes2022\/wp-content\/uploads\/2022\/04\/Glorinha-Oliveira-768x768.jpg 768w, https:\/\/eventos.ifrn.edu.br\/festivalconexoes2022\/wp-content\/uploads\/2022\/04\/Glorinha-Oliveira.jpg 1080w\" sizes=\"(max-width: 300px) 100vw, 300px\" \/><\/h4>\n<h4 style=\"text-align: center;\">Glorinha Oliveira &#8211; (Rouxinol Potiguar)<\/h4>\n<p>&nbsp;<\/p>\n<p style=\"text-align: justify;\">A comiss\u00e3o organizadora do 1\u00ba Festival Conex\u00f5es do IFRN faz men\u00e7\u00e3o a um ano da partida de Glorinha Oliveira, um expoente da m\u00fasica potiguar, e homenagear\u00e1 tamb\u00e9m pelos trabalhos pedag\u00f3gicos entre os alunos do Instituto.<\/p>\n<p style=\"text-align: justify;\">Nascida em 27 de novembro de 1925, no bairro das Rocas, Zona Leste de Natal e ber\u00e7o do samba da capital potiguar, a artista nos deixou aos 95 anos de idade. Glorinha, al\u00e9m de cantora, tamb\u00e9m foi atriz, fez radionovelas e programas de humor e foi apelidada de Rouxinol Potiguar. A Artista teve o privil\u00e9gio de participar da inaugura\u00e7\u00e3o da 1\u00aa R\u00e1dio do RN \u2013 a R\u00e1dio Educadora de Natal, que depois veio a se chamar R\u00e1dio Poti.<\/p>\n<p>Glorinha, 1 ano de saudades.<\/p>\n","protected":false},"excerpt":{"rendered":"<p>Glorinha Oliveira &#8211; (Rouxinol Potiguar) &nbsp; A comiss\u00e3o organizadora do 1\u00ba Festival Conex\u00f5es do IFRN faz men\u00e7\u00e3o a um ano&hellip; <\/p>\n","protected":false},"author":3,"featured_media":0,"parent":0,"menu_order":0,"comment_status":"closed","ping_status":"closed","template":"","meta":[],"_links":{"self":[{"href":"https:\/\/eventos.ifrn.edu.br\/festivalconexoes2022\/index.php\/wp-json\/wp\/v2\/pages\/35"}],"collection":[{"href":"https:\/\/eventos.ifrn.edu.br\/festivalconexoes2022\/index.php\/wp-json\/wp\/v2\/pages"}],"about":[{"href":"https:\/\/eventos.ifrn.edu.br\/festivalconexoes2022\/index.php\/wp-json\/wp\/v2\/types\/page"}],"author":[{"embeddable":true,"href":"https:\/\/eventos.ifrn.edu.br\/festivalconexoes2022\/index.php\/wp-json\/wp\/v2\/users\/3"}],"replies":[{"embeddable":true,"href":"https:\/\/eventos.ifrn.edu.br\/festivalconexoes2022\/index.php\/wp-json\/wp\/v2\/comments?post=35"}],"version-history":[{"count":14,"href":"https:\/\/eventos.ifrn.edu.br\/festivalconexoes2022\/index.php\/wp-json\/wp\/v2\/pages\/35\/revisions"}],"predecessor-version":[{"id":207,"href":"https:\/\/eventos.ifrn.edu.br\/festivalconexoes2022\/index.php\/wp-json\/wp\/v2\/pages\/35\/revisions\/207"}],"wp:attachment":[{"href":"https:\/\/eventos.ifrn.edu.br\/festivalconexoes2022\/index.php\/wp-json\/wp\/v2\/media?parent=35"}],"curies":[{"name":"wp","href":"https:\/\/api.w.org\/{rel}","templated":true}]}}